ided by h?
53
Let f = -681 - -2681. Calculate the remainder when f is divided by 22.
20
Let q = -15289 - -20686. Calculate the remainder when q is divided by 1349.
1
Suppose 3*d - y = -4*y + 42, -3*d + 50 = 5*y. Suppose -4*x = 2*x - 30. Suppose 11*q - x*q - 228 = 0. Calculate the remainder when q is divided by d.
8
Suppose 665 + 20 = 5*k - 3*s, k + s = 145. Let i = k - 137. Calculate the remainder when 10 is divided by i.
1
Suppose -4*k + 46 = -3*k. Let v(c) = 7*c - 441. Let b(f) = 5*f - 221. Let w(h) = 5*b(h) - 2*v(h). Calculate the remainder when k is divided by w(21).
6
Let p = 363 - 137. Let u = -192 + p. Calculate the remainder when 63 is divided by u.
29
Let i be (-1)/2 - (-108)/8. Suppose 13 = -i*q + 52. Let o = 164 + q. Calculate the remainder when o is divided by 14.
13
Let w = -1 + -8. Suppose -30 = -4*q - 5*m + 6*m, 5*q - 36 = 2*m. Calculate the remainder when 12/w*(-351)/6 is divided by q.
6
Suppose -17*t + 750 + 15 = 0. Let x = t - 6. Calculate the remainder when 52 is divided by x.
13
Let v(r) = 2*r**3 - 39*r**2 + 78*r + 140. Suppose -30 = -s + 17. What is the remainder when s is divided by v(17)?
5
Suppose -2*k + 134 = -4*l, 50*k = 52*k - l - 119. Suppose 3*q + 42 = 717. Calculate the remainder when q is divided by k.
54
Suppose 1 = -5*w - 16*x, -53*w - 4*x = -51*w - 26. Calculate the remainder when w is divided by 6/9*57 + -3.
0
Let l = -70 - -98. Let j(y) = -y**3 - 24*y**2 - 136*y - 106. Calculate the remainder when l is divided by j(-7).
2
Suppose -185 = -2*l - 4*s + 5*s, 2*s + 277 = 3*l. What is the remainder when 659 is divided by l?
8
Suppose 21*m - 8340 = 17144 + 1228. What is the remainder when m is divided by 76?
56
Suppose 0 = -6*b + 17 + 79. Suppose -93 = 13*f - b*f. Suppose 3*t = q - 2 + 363, -t = 5*q - 131. What is the remainder when t is divided by f?
28
Let y = 68 - 62. Let z be (2/24*15)/(2/(-16)). What is the remainder when 82/y*(z - -13) is divided by 22?
19
Let g(t) = -4*t**3 - 5*t**2 + 5. Suppose -6*x + 71 = 2*i - 5*x, 4*i - 5*x - 79 = 0. What is the remainder when g(-4) is divided by i?
26
Let t be 1/(-2) - (3 + 69/(-6)). Suppose -t*s = -45*s + 8547. What is the remainder when s is divided by 78?
75
Suppose -5*a = -4*p - 2828, -150 = 5*p - 165. What is the remainder when a is divided by 52?
48
Suppose -5*o + 3468 = 16*o - 12177. What is the remainder when 1495 is divided by o?
5
Suppose -5*t + 13*l + 505 = 18*l, 2*l = 3*t - 283. What is the remainder when 123 is divided by t?
26
Suppose 5*p = -10, -2*p - 129 = -5*v - 77 + 637. Suppose 0 = -3*y - 233 + 8. Let k = y - -110. What is the remainder when v is divided by k?
32
Let m = -7036 + 7060. Calculate the remainder when 589 is divided by m.
13
Let s(x) = -5*x - 37. Let v be s(-25). Suppose 0 = 2*q + 2*k - 44, -4*q + 3*k = k - v. Calculate the remainder when 43 is divided by q.
21
Suppose -3*w + 60 = 2*w. Suppose -3*v - w = -36. Suppose 20 - 140 = -v*a. Calculate the remainder when 27 is divided by a.
12
Let h(i) = -i**3 + 7*i**2 + 41*i - 71. What is the remainder when h(10) is divided by 8/(-12)*3*-12?
15
Let n(d) = 26*d**2 + 25*d + 100. Calculate the remainder when n(-4) is divided by 11.
9
Suppose 2*c - a = 1133, -a = -2*a + 3. Suppose 5*v - 3*v + 571 = 5*r, -5*r + c = -v. Let s = -30 + r. What is the remainder when s is divided by 17?
15
Let j be 30/50 - (-24)/10. Suppose 3*c - j*v = c + 56, 5*v + 64 = 2*c. Suppose -2*f = -o - 3*f + 80, -f - 3 = 0. What is the remainder when o is divided by c?
17
Let s(c) = -c**3 - c**2 + 29*c - 1. Let n be s(-11). Let z = 910 - n. What is the remainder when 131 is divided by z?
11
Let s(y) = -y + 8. Let m(c) = -c - 192. Let w be m(17). Let j = -154 - w. Calculate the remainder when j is divided by s(-12).
15
Let s = 424 - 207. Let o = -162 + s. Calculate the remainder when 382 is divided by o.
52
Let h(z) = 105*z + 163. What is the remainder when h(0) is divided by 154?
9
Suppose -3*r - 2*w = 3*w - 85, -3*w = 5*r - 131. Suppose 0 = 9*b - r - 47. What is the remainder when 104 is divided by b?
0
Let o(r) = r**3 - 56*r**2 + 209*r + 101. Let v(m) = -m**2 - 8*m - 7. What is the remainder when o(52) is divided by v(-6)?
3
Let u = -7 - 55. Let l = u - -147. Calculate the remainder when l is divided by 46.
39
Let i be 1 + (-2 - (4 + -3 - -16)). Let t be -4 + i/24*(0 - -40). Calculate the remainder when 9 is divided by (4/6)/(t/(-306)).
3
Let a(c) = -5*c + 12. Let d = 15056 - 14500. Calculate the remainder when d is divided by a(-10).
60
Let y(k) = -k**3 + 15*k**2 - 33*k - 30. Let d be y(11). Suppose -37 = 9*a - d. Calculate the remainder when 20 is divided by a.
2
Let d(r) = -r**3 + 5*r**2 + 6*r - 1. Suppose 68*c = 12*c + 4031 - 223. Calculate the remainder when c is divided by d(5).
10
Let u(x) = 10*x**2 + 3*x - 6. Let t(z) = z + 34. What is the remainder when u(4) is divided by t(-13)?
19
Let k(c) = 5*c**3 + 36*c - 43. Calculate the remainder when k(7) is divided by 35.
34
Let p be ((-441)/42)/((-9)/60). Suppose -3*l + 107 = -6*q + q, -2*l + 4*q = -p. Calculate the remainder when 194 is divided by l.
38
Suppose 69*p = 61*p. Suppose p = 3*x + 49 - 295. What is the remainder when x is divided by 26?
4
Let m(z) = -3*z**2 - 88*z + 9. Let i(p) = -5*p**3 + 2*p**2 - 2*p - 2. Calculate the remainder when m(-19) is divided by i(-2).
48
Let b(z) = z**3 - 28*z**2 + 70*z - 29. Let g = -459 + 485. What is the remainder when b(g) is divided by 74?
69
Let i(p) = 7*p**3 + 2*p**2 - p - 2. Let l be i(-1). Let t be ((-14)/(-4))/(3/l). Calculate the remainder when (-1284)/(-28) - 1/t is divided by 17.
12
Let y(f) = -f**2 - 22*f - 20. Let q be y(-20). Suppose -5*v - q = -z, -2*v = 5*z - 0*v - 208. Calculate the remainder when z is divided by 12.
4
Let j(b) = 4*b**2 + 3*b + 3. Calculate the remainder when j(-5) is divided by (-252)/(-6) + (514 + 14)/(-22).
16
Suppose -3*c = -5*c - 4*g + 446, -895 = -4*c - 5*g. Calculate the remainder when c is divided by 59.
48
Let x(g) = -4*g**2 - 31*g + 1. Suppose 0 = -49*k - 221 - 24. What is the remainder when x(k) is divided by 15?
11
Let s(i) = -i**2 + i + 12. Let y be s(-3). Suppose f - 45 = 4*u, 4*u - 37 + 17 = y. What is the remainder when 81 is divided by f?
16
Let l(f) = 2*f**3 + f**2 - 2*f - 4. Let m = -361 + 363. What is the remainder when l(m) is divided by (-6)/1*2/(-3)?
0
Suppose 93 + 36 = 3*h. What is the remainder when (-9)/81 - (-1135)/9 is divided by h?
40
Suppose -5*i + 121*r + 4147 = 117*r, 4*i = 9*r + 3277. What is the remainder when i is divided by 366?
103
Suppose 2*n = -r + 14, n = 4*r - 8 + 6. What is the remainder when 3411 is divided by n?
3
Suppose 56 = 5*o + 5*m - 154, -4 = 2*m. Let f be o/(-4) - -2 - (2 - 5). Calculate the remainder when 3 - 0 - -3*(-32)/f is divided by 3.
1
Suppose 17*a = 66*a - 85162. What is the remainder when a is divided by 58?
56
Let h = -471 - -473. Suppose 89 = z + h*t, -19*z + 14*z + 4*t + 417 = 0. Calculate the remainder when z is divided by 7.
1
Calculate the remainder when 4421 is divided by -10 + 0 - (-31 - 225).
239
Let y(o) be the third derivative of o**5/60 + 59*o**4/24 + 81*o**3/2 + 71*o**2. What is the remainder when y(-57) is divided by 15?
9
Suppose -12*t + 2*z - 18 = -15*t, 5*t = -2*z + 34. Suppose s = -q + 15, t*s = 3*s - q + 95. Calculate the remainder when (-1)/(112/114 + -1) is divided by s.
17
Suppose -10*u - 435 + 578 = -547. What is the remainder when 1303 is divided by u?
61
Let y = -4808 + 6374. Calculate the remainder when y is divided by 14.
12
Suppose 0*p + 4*p = 4*l - 160, -p - 5*l - 34 = 0. What is the remainder when p/(-6)*(2 - -20) is divided by 29?
27
Let f(w) = -w**3 - 10*w**2 - 11*w + 3. Let p be f(-9). Let k(t) = -t**2 + 32*t - 52. What is the remainder when k(p) is divided by 13?
10
Let x(l) = 15*l**2 - 4*l. Let k be (-17)/(680/64) - (-4)/(-10). What is the remainder when x(k) is divided by 23?
22
Suppose -h + 551 = 18*h. Suppose -2*c = -3*c + 6. Calculate the remainder when h is divided by 31/2 + c/4.
12
Suppose 2*l = 175 + 83. Let s = l - 11. Suppose -171 = -5*o + 137*n - 140*n, 3*o - 118 = -4*n. What is the remainder when s is divided by o?
28
Suppose -2*q = 5 - 131. Suppose 8*h - 41 = q. Suppose 3 = 4*y - h. What is the remainder when y is divided by 4?
0
Let i = 85 + -17. Let c = 120 - i. Let g = 1721 + -1702. Calc